{"id":166,"date":"2018-08-17T13:48:57","date_gmt":"2018-08-17T12:48:57","guid":{"rendered":"http:\/\/192.168.1.200\/wordpress\/?page_id=166"},"modified":"2024-04-23T18:01:30","modified_gmt":"2024-04-23T17:01:30","slug":"uwe-p-voigt-architekt-inhaber","status":"publish","type":"page","link":"https:\/\/www.uwevoigt.de\/wordpress\/team\/uwe-p-voigt-architekt-inhaber\/","title":{"rendered":"Uwe P. Voigt, Architekt und Inhaber"},"content":{"rendered":"<p><img decoding=\"async\" loading=\"lazy\" class=\"alignnone wp-image-267 size-full\" src=\"http:\/\/dns.uwevoigt.de\/wordpress\/wp-content\/uploads\/2018\/09\/Uwe500x500.jpg\" alt=\"Uwe P. Voigt\" width=\"500\" height=\"500\" srcset=\"https:\/\/www.uwevoigt.de\/wordpress\/wp-content\/uploads\/2018\/09\/Uwe500x500.jpg 500w, https:\/\/www.uwevoigt.de\/wordpress\/wp-content\/uploads\/2018\/09\/Uwe500x500-420x420.jpg 420w\" sizes=\"(max-width: 500px) 100vw, 500px\" \/><\/p>\n<p>E-Mail: <a href=\"mailto: info@uwevoigt.de\">info[at]uwevoigt.de<\/a><\/p>\n<table>\n<tbody>\n<tr>\n<td>1968<\/td>\n<td style=\"text-align: left;\">geboren in Berlin<\/td>\n<\/tr>\n<tr>\n<td>1989-1992<\/td>\n<td>Technischer Zeichner bei Orlando de Urrutia, Barcelona und J\u00fcrgen Lampeitl, Berlin<\/td>\n<\/tr>\n<tr>\n<td>1992-1999<\/td>\n<td>Universit\u00e4t Kaiserslautern, Studium der Architektur, Abschluss Dipl.-Ing. Architektur<\/td>\n<\/tr>\n<tr>\n<td>1999-2001<\/td>\n<td>Architekt im Architekturb\u00fcro Steffen Lehmann &amp; Partner<\/td>\n<\/tr>\n<tr>\n<td>2001-2002<\/td>\n<td>Dipl.-Ing. Architekt Andreas Rehmet, Berlin<\/td>\n<\/tr>\n<tr>\n<td>2003-2004<\/td>\n<td>KSP Engel und Zimmermann Architekten, M\u00fcnchen<\/td>\n<\/tr>\n<tr>\n<td>seit 2005<\/td>\n<td>Freischaffender Architekt und Mitglied der Architektenkammer Berlin<\/td>\n<\/tr>\n<tr>\n<td><\/td>\n<td>Partnerschaften mit F101 Architekten, Berlin, DMN Architekten Berlin und Peters und Wormuth Architekten, Berlin.<\/td>\n<\/tr>\n<tr>\n<td>Bauaufgaben:<\/td>\n<td>Denkmalgerechte Sanierungen von Wohn- und Industriebauten,<\/p>\n<p>Neubauten, Wohnungsbau, Gewerbebauten, B\u00fcro- und Gesch\u00e4ftsh\u00e4user, Theaterbau.<\/td>\n<\/tr>\n<tr>\n<td>Sachverst\u00e4ndiger \/ Fachplaner :<\/td>\n<td>Verkehrswertermittlung von bebauten und unbebauten Grundst\u00fccken, Fachplaner f\u00fcr vorbeugenden Brandschutz<\/td>\n<\/tr>\n<\/tbody>\n<\/table>\n","protected":false},"excerpt":{"rendered":"<p>E-Mail: info[at]uwevoigt.de 1968 geboren in Berlin 1989-1992 Technischer Zeichner bei Orlando de Urrutia, Barcelona und J\u00fcrgen Lampeitl, Berlin 1992-1999 Universit\u00e4t Kaiserslautern, Studium der Architektur, Abschluss Dipl.-Ing. Architektur 1999-2001 Architekt im Architekturb\u00fcro Steffen Lehmann &amp; Partner 2001-2002 Dipl.-Ing. Architekt Andreas Rehmet, Berlin 2003-2004 KSP Engel und Zimmermann Architekten, M\u00fcnchen seit 2005 Freischaffender Architekt und Mitglied der Architektenkammer Berlin Partnerschaften mit F101 Architekten, Berlin, DMN Architekten Berlin und Peters und Wormuth Architekten, Berlin. Bauaufgaben: Denkmalgerechte Sanierungen von Wohn- und Industriebauten, Neubauten, Wohnungsbau,<a class=\"more-link\" href=\"https:\/\/www.uwevoigt.de\/wordpress\/team\/uwe-p-voigt-architekt-inhaber\/\"><span>Weiterlesen<\/span><\/a><\/p>\n","protected":false},"author":1,"featured_media":0,"parent":156,"menu_order":0,"comment_status":"closed","ping_status":"closed","template":"","meta":[],"_links":{"self":[{"href":"https:\/\/www.uwevoigt.de\/wordpress\/wp-json\/wp\/v2\/pages\/166"}],"collection":[{"href":"https:\/\/www.uwevoigt.de\/wordpress\/wp-json\/wp\/v2\/pages"}],"about":[{"href":"https:\/\/www.uwevoigt.de\/wordpress\/wp-json\/wp\/v2\/types\/page"}],"author":[{"embeddable":true,"href":"https:\/\/www.uwevoigt.de\/wordpress\/wp-json\/wp\/v2\/users\/1"}],"replies":[{"embeddable":true,"href":"https:\/\/www.uwevoigt.de\/wordpress\/wp-json\/wp\/v2\/comments?post=166"}],"version-history":[{"count":16,"href":"https:\/\/www.uwevoigt.de\/wordpress\/wp-json\/wp\/v2\/pages\/166\/revisions"}],"predecessor-version":[{"id":493,"href":"https:\/\/www.uwevoigt.de\/wordpress\/wp-json\/wp\/v2\/pages\/166\/revisions\/493"}],"up":[{"embeddable":true,"href":"https:\/\/www.uwevoigt.de\/wordpress\/wp-json\/wp\/v2\/pages\/156"}],"wp:attachment":[{"href":"https:\/\/www.uwevoigt.de\/wordpress\/wp-json\/wp\/v2\/media?parent=166"}],"curies":[{"name":"wp","href":"https:\/\/api.w.org\/{rel}","templated":true}]}}

<p><img decoding="async" loading="lazy" class="alignnone wp-image-267 size-full" src="http://dns.uwevoigt.de/wordpress/wp-content/uploads/2018/09/Uwe500x500.jpg" alt="Uwe P. Voigt" width="500" height="500" srcset="https://www.uwevoigt.de/wordpress/wp-content/uploads/2018/09/Uwe500x500.jpg 500w, https://www.uwevoigt.de/wordpress/wp-content/uploads/2018/09/Uwe500x500-420x420.jpg 420w" sizes="(max-width: 500px) 100vw, 500px" /></p>
<p>E-Mail: <a href="mailto: info@uwevoigt.de">info[at]uwevoigt.de</a></p>
<table>
<tbody>
<tr>
<td>1968</td>
<td style="text-align: left;">geboren in Berlin</td>
</tr>
<tr>
<td>1989-1992</td>
<td>Technischer Zeichner bei Orlando de Urrutia, Barcelona und Jürgen Lampeitl, Berlin</td>
</tr>
<tr>
<td>1992-1999</td>
<td>Universität Kaiserslautern, Studium der Architektur, Abschluss Dipl.-Ing. Architektur</td>
</tr>
<tr>
<td>1999-2001</td>
<td>Architekt im Architekturbüro Steffen Lehmann &amp; Partner</td>
</tr>
<tr>
<td>2001-2002</td>
<td>Dipl.-Ing. Architekt Andreas Rehmet, Berlin</td>
</tr>
<tr>
<td>2003-2004</td>
<td>KSP Engel und Zimmermann Architekten, München</td>
</tr>
<tr>
<td>seit 2005</td>
<td>Freischaffender Architekt und Mitglied der Architektenkammer Berlin</td>
</tr>
<tr>
<td></td>
<td>Partnerschaften mit F101 Architekten, Berlin, DMN Architekten Berlin und Peters und Wormuth Architekten, Berlin.</td>
</tr>
<tr>
<td>Bauaufgaben:</td>
<td>Denkmalgerechte Sanierungen von Wohn- und Industriebauten,</p>
<p>Neubauten, Wohnungsbau, Gewerbebauten, Büro- und Geschäftshäuser, Theaterbau.</td>
</tr>
<tr>
<td>Sachverständiger / Fachplaner :</td>
<td>Verkehrswertermittlung von bebauten und unbebauten Grundstücken, Fachplaner für vorbeugenden Brandschutz</td>
</tr>
</tbody>
</table>

<p>E-Mail: info[at]uwevoigt.de 1968 geboren in Berlin 1989-1992 Technischer Zeichner bei Orlando de Urrutia, Barcelona und Jürgen Lampeitl, Berlin 1992-1999 Universität Kaiserslautern, Studium der Architektur, Abschluss Dipl.-Ing. Architektur 1999-2001 Architekt im Architekturbüro Steffen Lehmann &amp; Partner 2001-2002 Dipl.-Ing. Architekt Andreas Rehmet, Berlin 2003-2004 KSP Engel und Zimmermann Architekten, München seit 2005 Freischaffender Architekt und Mitglied der Architektenkammer Berlin Partnerschaften mit F101 Architekten, Berlin, DMN Architekten Berlin und Peters und Wormuth Architekten, Berlin. Bauaufgaben: Denkmalgerechte Sanierungen von Wohn- und Industriebauten, Neubauten, Wohnungsbau,<a class="more-link" href="https://www.uwevoigt.de/wordpress/team/uwe-p-voigt-architekt-inhaber/"><span>Weiterlesen</span></a></p>
