{"id":71,"date":"2016-12-28T13:10:55","date_gmt":"2016-12-28T11:10:55","guid":{"rendered":"http:\/\/192.168.1.200\/wordpress\/?page_id=71"},"modified":"2026-03-16T19:58:52","modified_gmt":"2026-03-16T18:58:52","slug":"willkommen","status":"publish","type":"page","link":"https:\/\/www.uwevoigt.de\/wordpress\/","title":{"rendered":"Willkommen!"},"content":{"rendered":"\n\n\n<figure class=\"wp-block-image size-large is-resized\"><img decoding=\"async\" loading=\"lazy\" src=\"https:\/\/www.uwevoigt.de\/wordpress\/wp-content\/uploads\/2025\/06\/Buero_Will8-1200x1037.jpg\" alt=\"\" class=\"wp-image-505\" width=\"600\" height=\"519\" srcset=\"https:\/\/www.uwevoigt.de\/wordpress\/wp-content\/uploads\/2025\/06\/Buero_Will8-1200x1037.jpg 1200w, https:\/\/www.uwevoigt.de\/wordpress\/wp-content\/uploads\/2025\/06\/Buero_Will8-750x648.jpg 750w, https:\/\/www.uwevoigt.de\/wordpress\/wp-content\/uploads\/2025\/06\/Buero_Will8-420x363.jpg 420w, https:\/\/www.uwevoigt.de\/wordpress\/wp-content\/uploads\/2025\/06\/Buero_Will8-768x663.jpg 768w, https:\/\/www.uwevoigt.de\/wordpress\/wp-content\/uploads\/2025\/06\/Buero_Will8-1536x1327.jpg 1536w, https:\/\/www.uwevoigt.de\/wordpress\/wp-content\/uploads\/2025\/06\/Buero_Will8-2048x1769.jpg 2048w, https:\/\/www.uwevoigt.de\/wordpress\/wp-content\/uploads\/2025\/06\/Buero_Will8-720x622.jpg 720w\" sizes=\"(max-width: 600px) 100vw, 600px\" \/><\/figure>\n\n\n\n<p class=\"has-text-align-left\">Seit \u00fcber 20 Jahren erarbeiten wir f\u00fcr Sie originelle, sachgerechte und nachhaltige L\u00f6sungen f\u00fcr Architektur und St\u00e4dtebau. Am Standort Berlin-Sch\u00f6neberg verf\u00fcgen wir \u00fcber ein umfangreiches Netzwerk an Fachpanern und Partnern und k\u00f6nnen projektorientiert unsere Kapazit\u00e4ten nach Erfordenis skalieren. Als Archiketen, Projektsteuerer, Bauleiter, Fachplaner f\u00fcr den vorbeugenden Brandschutz und mit unserer Erfahrung realisieren wir Ihre Projekte termin- und kostengerecht.<\/p>\n","protected":false},"excerpt":{"rendered":"<p>Seit \u00fcber 20 Jahren erarbeiten wir f\u00fcr Sie originelle, sachgerechte und nachhaltige L\u00f6sungen f\u00fcr Architektur und St\u00e4dtebau. Am Standort Berlin-Sch\u00f6neberg verf\u00fcgen wir \u00fcber ein umfangreiches Netzwerk an Fachpanern und Partnern und k\u00f6nnen projektorientiert unsere Kapazit\u00e4ten nach Erfordenis skalieren. Als Archiketen, Projektsteuerer, Bauleiter, Fachplaner f\u00fcr den vorbeugenden Brandschutz und mit unserer Erfahrung realisieren wir Ihre Projekte termin- und kostengerecht.<\/p>\n","protected":false},"author":1,"featured_media":0,"parent":0,"menu_order":0,"comment_status":"closed","ping_status":"closed","template":"","meta":[],"_links":{"self":[{"href":"https:\/\/www.uwevoigt.de\/wordpress\/wp-json\/wp\/v2\/pages\/71"}],"collection":[{"href":"https:\/\/www.uwevoigt.de\/wordpress\/wp-json\/wp\/v2\/pages"}],"about":[{"href":"https:\/\/www.uwevoigt.de\/wordpress\/wp-json\/wp\/v2\/types\/page"}],"author":[{"embeddable":true,"href":"https:\/\/www.uwevoigt.de\/wordpress\/wp-json\/wp\/v2\/users\/1"}],"replies":[{"embeddable":true,"href":"https:\/\/www.uwevoigt.de\/wordpress\/wp-json\/wp\/v2\/comments?post=71"}],"version-history":[{"count":17,"href":"https:\/\/www.uwevoigt.de\/wordpress\/wp-json\/wp\/v2\/pages\/71\/revisions"}],"predecessor-version":[{"id":520,"href":"https:\/\/www.uwevoigt.de\/wordpress\/wp-json\/wp\/v2\/pages\/71\/revisions\/520"}],"wp:attachment":[{"href":"https:\/\/www.uwevoigt.de\/wordpress\/wp-json\/wp\/v2\/media?parent=71"}],"curies":[{"name":"wp","href":"https:\/\/api.w.org\/{rel}","templated":true}]}}